at is the thousands digit of 6001?
6
What is the tens digit of 13747?
4
What is the hundreds digit of 13097?
0
What is the units digit of 20259?
9
What is the tens digit of 13850?
5
What is the units digit of 67441?
1
What is the tens digit of 2339?
3
What is the units digit of 766?
6
What is the tens digit of 210?
1
What is the thousands digit of 10761?
0
What is the ten thousands digit of 18297?
1
What is the hundreds digit of 13692?
6
What is the units digit of 177?
7
What is the units digit of 1226?
6
What is the hundreds digit of 2852?
8
What is the units digit of 1979?
9
What is the thousands digit of 6989?
6
What is the tens digit of 1206?
0
What is the hundreds digit of 555?
5
What is the tens digit of 4781?
8
What is the hundreds digit of 2095?
0
What is the thousands digit of 33454?
3
What is the units digit of 74718?
8
What is the tens digit of 8883?
8
What is the units digit of 95151?
1
What is the units digit of 10914?
4
What is the tens digit of 310?
1
What is the thousands digit of 2040?
2
What is the thousands digit of 148742?
8
What is the tens digit of 2488?
8
What is the hundreds digit of 5845?
8
What is the units digit of 154772?
2
What is the units digit of 8757?
7
What is the tens digit of 449?
4
What is the hundreds digit of 35575?
5
What is the units digit of 1279?
9
What is the tens digit of 137006?
0
What is the units digit of 2317?
7
What is the hundreds digit of 20429?
4
What is the units digit of 755?
5
What is the tens digit of 253?
5
What is the hundreds digit of 504?
5
What is the units digit of 148404?
4
What is the hundreds digit of 75428?
4
What is the hundreds digit of 28561?
5
What is the thousands digit of 19637?
9
What is the thousands digit of 13301?
3
What is the tens digit of 14846?
4
What is the hundreds digit of 1202?
2
What is the units digit of 960?
0
What is the units digit of 13374?
4
What is the tens digit of 22106?
0
What is the units digit of 95833?
3
What is the units digit of 5252?
2
What is the ten thousands digit of 25671?
2
What is the units digit of 1153?
3
What is the thousands digit of 4005?
4
What is the hundreds digit of 1060?
0
What is the thousands digit of 3332?
3
What is the ten thousands digit of 59197?
5
What is the hundreds digit of 148?
1
What is the hundreds digit of 39346?
3
What is the hundreds digit of 2322?
3
What is the hundreds digit of 139980?
9
What is the ten thousands digit of 61493?
6
What is the hundreds digit of 36684?
6
What is the units digit of 13876?
6
What is the units digit of 75546?
6
What is the hundreds digit of 9063?
0
What is the units digit of 50429?
9
What is the thousands digit of 15311?
5
What is the units digit of 304?
4
What is the units digit of 799?
9
What is the units digit of 1037?
7
What is the hundreds digit of 13401?
4
What is the hundreds digit of 1371?
3
What is the units digit of 205?
5
What is the tens digit of 2236?
3
What is the hundreds digit of 13868?
8
What is the thousands digit of 31073?
1
What is the units digit of 2924?
4
What is the hundreds digit of 61592?
5
What is the tens digit of 700?
0
What is the hundreds digit of 325?
3
What is the ten thousands digit of 29515?
2
What is the hundreds digit of 409?
4
What is the ten thousands digit of 14219?
1
What is the tens digit of 10075?
7
What is the thousands digit of 1025?
1
What is the tens digit of 3496?
9
What is the hundreds digit of 533?
5
What is the hundreds digit of 4890?
8
What is the units digit of 46180?
0
What is the units digit of 870?
0
What is the tens digit of 5192?
9
What is the tens digit of 4965?
6
What is the hundreds digit of 529?
5
What is the hundreds digit of 91831?
8
What is the tens digit of 408?
0
What is the hundreds digit of 6871?
8
What is the thousands digit of 3860?
3
What is the ten thousands digit of 67645?
6
What is the units digit of 17862?
2
What is the units digit of 3787?
7
What is the thousands digit of 1566?
1
What is the hundreds digit of 7758?
7
What is the hundreds digit of 3303?
3
What is the hundreds digit of 23977?
9
What is the units digit of 1702?
2
What is the units digit of 548?
8
What is the tens digit of 2517?
1
What is the units digit of 3686?
6
What is the hundreds digit of 5735?
7
What is the units digit of 7756?
6
What is the tens digit of 3086?
8
What is the thousands digit of 4324?
4
What is the tens digit of 2489?
8
What is the tens digit of 31640?
4
What is the tens digit of 708?
0
What is the units digit of 379?
9
What is the thousands digit of 9209?
9
What is the units digit of 464?
4
What is the tens digit of 191?
9
What is the hundreds digit of 6102?
1
What is the units digit of 117628?
8
What is the hundreds digit of 3173?
1
What is the tens digit of 1663?
6
What is the thousands digit of 10080?
0
What is the hundreds digit of 44491?
4
What is the units digit of 38435?
5
What is the thousands digit of 2747?
2
What is the units digit of 36478?
8
What is the ten thousands digit of 45057?
4
What is the units digit of 4256?
6
What is the hundreds digit of 506?
5
What is the tens digit of 53828?
2
What is the ten thousands digit of 31119?
3
What is the hundreds digit of 311?
3
What is the units digit of 327?
7
What is the units digit of 2938?
8
What is the thousands digit of 5612?
5
What is the units digit of 625?
5
What is the units digit of 74?
4
What is the hundreds digit of 23144?
1
What is the tens digit of 1445?
4
What is the hundreds digit of 2099?
0
What is the ten thousands digit of 87775?
8
What is the units digit of 18569?
9
What is the thousands digit of 6028?
6
What is the units digit of 43?
3
What is the tens digit of 103999?
9
What is the hundreds digit of 680?
6
What is the units digit of 2574?
4
What is the ten thousands digit of 153103?
5
What is the hundreds digit of 40286?
2
What is the ten thousands digit of 20101?
2
What is the tens digit of 15517?
1
What is the units digit of 98?
8
What is the units digit of 573?
3
What is the units digit of 43?
3
What is the tens digit of 41496?
9
What is the ten thousands digit of 10589?
1
What is the hundreds digit of 6759?
7
What is the hundreds digit of 255?
2
What is the units digit of 149037?
7
What is the hundreds digit of 6350?
3
What is the hundred thousands digit of 191188?
1
What is the tens digit of 5894?
9
What is the hundreds digit of 975?
9
What is the tens digit of 981?
8
What is the units digit of 15309?
9
What is the units digit of 3229?
9
What is the units digit of 16920?
0
What is the ten thousands digit of 28992?
2
What is the hundreds digit of 7483?
4
What is the hundreds digit of 845?
8
What is the hundreds digit of 18897?
8
What is the ten thousands digit of 178035?
7
What is the units digit of 61884?
4
What is the hundreds digit of 116401?
4
What is the hundreds digit of 15829?
8
What is the thousands digit of 2941?
2
What is the ten thousands digit of 61458?
6
What is the units digit of 9103?
3
What is the units digit of 700?
0
What is the ten thousands digit of 10030?
1
What is the hundreds digit of 381?
3
What is the tens digit of 2507?
0
What is the tens digit of 1979?
7
What is the hundreds digit of 2790?
7
What is the tens digit of 1375?
7
What is the tens digit of 48942?
4
What is the units digit of 49220?
0
What is the hundreds digit of 3854?
8
What is the thousands digit of 7327?
7
What is the tens digit of 489?
8
What is the thousands digit of 1280?
1
What is the thousands digit of 9328?
9
What is the hundreds digit of 3635?
6
What is the units digit of 139824?
4
What is the tens digit of 9971?
7
What is the hundreds digit of 17975?
9
What is the units digit of 8406?
6
What is the thousands digit of 22725?
2
What is the units digit of 157?
7
What is the tens digit of 783?
8
What is the thousands digit of 3432?
3
What is the units digit of 71374?
4
What is the tens digit of 39?
3
What is the tens digit of 11308?
0
What is the units digit of 1644?
4
What is the thousands digit of 1157?
1
What is the ten thousands digit of 18930?
1
What is the units digit of 26616?
6
What is the tens digit of 686?
8
What is the units digit of 554?
4
What is the thousands digit of 70288?
0
What is the thousands digit of 6527?
6
What is the ten thousands digit of 25995?
2
What is the hundreds digit of 752?
7
What is the tens digit of 1788?
8
